{"id":1040,"date":"2026-02-18T10:35:07","date_gmt":"2026-02-18T09:35:07","guid":{"rendered":"https:\/\/lovicsl.ddns.net\/nova_lovic\/?page_id=1040"},"modified":"2026-02-23T10:45:51","modified_gmt":"2026-02-23T09:45:51","slug":"ajuntament-de-mataro","status":"publish","type":"page","link":"https:\/\/lovic.cat\/index.php\/ajuntament-de-mataro\/","title":{"rendered":"Ajuntament de Matar\u00f3"},"content":{"rendered":"\t\t<div data-elementor-type=\"wp-page\" data-elementor-id=\"1040\" class=\"elementor elementor-1040\">\n\t\t\t\t<div class=\"elementor-element elementor-element-1ea24cb e-flex e-con-boxed e-con e-parent\" data-id=\"1ea24cb\" data-element_type=\"container\" data-e-type=\"container\">\n\t\t\t\t\t<div class=\"e-con-inner\">\n\t\t\t\t<div class=\"elementor-element elementor-element-9fc06bf elementor-widget elementor-widget-heading\" data-id=\"9fc06bf\" data-element_type=\"widget\" data-e-type=\"widget\" data-widget_type=\"heading.default\">\n\t\t\t\t\t<h2 class=\"elementor-heading-title elementor-size-default\">Ajuntament de Matar\u00f3<\/h2>\t\t\t\t<\/div>\n\t\t\t\t\t<\/div>\n\t\t\t\t<\/div>\n\t\t<div class=\"elementor-element elementor-element-aaf0996 e-flex e-con-boxed e-con e-parent\" data-id=\"aaf0996\" data-element_type=\"container\" data-e-type=\"container\">\n\t\t\t\t\t<div class=\"e-con-inner\">\n\t\t<div class=\"elementor-element elementor-element-e552dd8 e-con-full e-flex e-con e-child\" data-id=\"e552dd8\" data-element_type=\"container\" data-e-type=\"container\">\n\t\t\t\t<div class=\"elementor-element elementor-element-733673f elementor-widget elementor-widget-spacer\" data-id=\"733673f\" data-element_type=\"widget\" data-e-type=\"widget\" data-widget_type=\"spacer.default\">\n\t\t\t\t\t\t\t<div class=\"elementor-spacer\">\n\t\t\t<div class=\"elementor-spacer-inner\"><\/div>\n\t\t<\/div>\n\t\t\t\t\t\t<\/div>\n\t\t\t\t<div class=\"elementor-element elementor-element-ccd47e3 elementor-invisible elementor-widget elementor-widget-image\" data-id=\"ccd47e3\" data-element_type=\"widget\" data-e-type=\"widget\" data-settings=\"{&quot;_animation&quot;:&quot;fadeInLeft&quot;}\" data-widget_type=\"image.default\">\n\t\t\t\t\t\t\t\t\t\t\t\t\t\t\t<img fetchpriority=\"high\" decoding=\"async\" width=\"1024\" height=\"398\" src=\"https:\/\/lovic.cat\/wp-content\/uploads\/2026\/02\/aj_mataro-1-1024x398.png\" class=\"elementor-animation-grow attachment-large size-large wp-image-1318\" alt=\"\" srcset=\"https:\/\/lovic.cat\/wp-content\/uploads\/2026\/02\/aj_mataro-1-1024x398.png 1024w, https:\/\/lovic.cat\/wp-content\/uploads\/2026\/02\/aj_mataro-1-300x117.png 300w, https:\/\/lovic.cat\/wp-content\/uploads\/2026\/02\/aj_mataro-1-768x299.png 768w, https:\/\/lovic.cat\/wp-content\/uploads\/2026\/02\/aj_mataro-1-1536x597.png 1536w, https:\/\/lovic.cat\/wp-content\/uploads\/2026\/02\/aj_mataro-1-2048x796.png 2048w\" sizes=\"(max-width: 1024px) 100vw, 1024px\" \/>\t\t\t\t\t\t\t\t\t\t\t\t\t\t\t<\/div>\n\t\t\t\t<\/div>\n\t\t<div class=\"elementor-element elementor-element-cbaa008 e-con-full e-flex e-con e-child\" data-id=\"cbaa008\" data-element_type=\"container\" data-e-type=\"container\">\n\t\t\t\t<div class=\"elementor-element elementor-element-b10a4a2 elementor-invisible elementor-widget elementor-widget-text-editor\" data-id=\"b10a4a2\" data-element_type=\"widget\" data-e-type=\"widget\" data-settings=\"{&quot;_animation&quot;:&quot;fadeInRight&quot;}\" data-widget_type=\"text-editor.default\">\n\t\t\t\t\t\t\t\t\t<h4>\u00a0<\/h4><h3><strong>Destaquem<\/strong><\/h3><p>Amb el nou contracte, l\u2019Ajuntament de Matar\u00f3 apropa les \u00e0rees de contenidors a la ciutadania i incrementa els percentatges de recollida selectiva.<\/p><p>Els serveis de recollida de residus i neteja vi\u00e0ria es reorganitzen i optimitzen, amb rutes i torns m\u00e9s eficients, maquin\u00e0ria adequada i una major dotaci\u00f3 de contenidors selectius. Aix\u00ed, el servei es fa m\u00e9s flexible, sostenible, c\u00f2mode per a la ciutadania i econ\u00f2micament eficient, tot garantint la qualitat i la cobertura completa del municipi.<\/p>\t\t\t\t\t\t\t\t<\/div>\n\t\t\t\t<\/div>\n\t\t\t\t\t<\/div>\n\t\t\t\t<\/div>\n\t\t<div class=\"elementor-element elementor-element-3f9c28f e-flex e-con-boxed e-con e-parent\" data-id=\"3f9c28f\" data-element_type=\"container\" data-e-type=\"container\">\n\t\t\t\t\t<div class=\"e-con-inner\">\n\t\t<div class=\"elementor-element elementor-element-7fb0f2c e-con-full e-flex e-con e-child\" data-id=\"7fb0f2c\" data-element_type=\"container\" data-e-type=\"container\">\n\t\t\t\t<div class=\"elementor-element elementor-element-ad544aa elementor-invisible elementor-widget elementor-widget-text-editor\" data-id=\"ad544aa\" data-element_type=\"widget\" data-e-type=\"widget\" data-settings=\"{&quot;_animation&quot;:&quot;fadeInUp&quot;}\" data-widget_type=\"text-editor.default\">\n\t\t\t\t\t\t\t\t\t<h4><strong>Implantaci\u00f3 i proc\u00e9s participatiu<\/strong><\/h4><p>L&#8217;Ajuntament de Matar\u00f3 va impulsar un proc\u00e9s participatiu amb la ciutadania, amb la col\u00b7laboraci\u00f3 de l\u2019Ag\u00e8ncia d\u2019Ecologia Urbana de Barcelona, per definir el nou model de recollida de residus i neteja vi\u00e0ria i de platges.<\/p><p>Aquest proc\u00e9s va permetre identificar necessitats reals, optimitzar la ubicaci\u00f3 i estat dels contenidors, ajustar rutes, torns i freq\u00fc\u00e8ncies, i implantar un servei flexible i adaptat a l\u2019\u00fas de l\u2019espai p\u00fablic. Alhora, es va establir un model de retribuci\u00f3 per objectius vinculat a la qualitat del servei, garantint millora cont\u00ednua i efici\u00e8ncia econ\u00f2mica.<\/p>\t\t\t\t\t\t\t\t<\/div>\n\t\t\t\t<\/div>\n\t\t<div class=\"elementor-element elementor-element-b9c947c e-con-full e-flex e-con e-child\" data-id=\"b9c947c\" data-element_type=\"container\" data-e-type=\"container\">\n\t\t\t\t<div class=\"elementor-element elementor-element-73dc9f3 elementor-invisible elementor-widget elementor-widget-image\" data-id=\"73dc9f3\" data-element_type=\"widget\" data-e-type=\"widget\" data-settings=\"{&quot;_animation&quot;:&quot;fadeInRight&quot;}\" data-widget_type=\"image.default\">\n\t\t\t\t\t\t\t\t\t\t\t\t\t\t\t<img decoding=\"async\" width=\"1024\" height=\"683\" src=\"https:\/\/lovic.cat\/wp-content\/uploads\/2026\/02\/recollida-de-residus-a-mataro-1024x683.jpeg\" class=\"elementor-animation-grow attachment-large size-large wp-image-1319\" alt=\"\" srcset=\"https:\/\/lovic.cat\/wp-content\/uploads\/2026\/02\/recollida-de-residus-a-mataro-1024x683.jpeg 1024w, https:\/\/lovic.cat\/wp-content\/uploads\/2026\/02\/recollida-de-residus-a-mataro-300x200.jpeg 300w, https:\/\/lovic.cat\/wp-content\/uploads\/2026\/02\/recollida-de-residus-a-mataro-768x512.jpeg 768w, https:\/\/lovic.cat\/wp-content\/uploads\/2026\/02\/recollida-de-residus-a-mataro-1536x1024.jpeg 1536w, https:\/\/lovic.cat\/wp-content\/uploads\/2026\/02\/recollida-de-residus-a-mataro-2048x1365.jpeg 2048w\" sizes=\"(max-width: 1024px) 100vw, 1024px\" \/>\t\t\t\t\t\t\t\t\t\t\t\t\t\t\t<\/div>\n\t\t\t\t<\/div>\n\t\t\t\t\t<\/div>\n\t\t\t\t<\/div>\n\t\t\t\t<\/div>\n\t\t","protected":false},"excerpt":{"rendered":"<p>Ajuntament de Matar\u00f3 \u00a0 Destaquem Amb el nou contracte, l\u2019Ajuntament de Matar\u00f3 apropa les \u00e0rees de contenidors a la ciutadania [&hellip;]<\/p>\n","protected":false},"author":1,"featured_media":0,"parent":0,"menu_order":0,"comment_status":"closed","ping_status":"closed","template":"","meta":{"site-sidebar-layout":"no-sidebar","site-content-layout":"","ast-site-content-layout":"full-width-container","site-content-style":"default","site-sidebar-style":"default","ast-global-header-display":"","ast-banner-title-visibility":"","ast-main-header-display":"","ast-hfb-above-header-display":"","ast-hfb-below-header-display":"","ast-hfb-mobile-header-display":"","site-post-title":"disabled","ast-breadcrumbs-content":"","ast-featured-img":"disabled","footer-sml-layout":"","ast-disable-related-posts":"","theme-transparent-header-meta":"","adv-header-id-meta":"","stick-header-meta":"","header-above-stick-meta":"","header-main-stick-meta":"","header-below-stick-meta":"","astra-migrate-meta-layouts":"default","ast-page-background-enabled":"default","ast-page-background-meta":{"desktop":{"background-color":"var(--ast-global-color-5)","background-image":"","background-repeat":"repeat","background-position":"center center","background-size":"auto","background-attachment":"scroll","background-type":"","background-media":"","overlay-type":"","overlay-color":"","overlay-opacity":"","overlay-gradient":""},"tablet":{"background-color":"","background-image":"","background-repeat":"repeat","background-position":"center center","background-size":"auto","background-attachment":"scroll","background-type":"","background-media":"","overlay-type":"","overlay-color":"","overlay-opacity":"","overlay-gradient":""},"mobile":{"background-color":"","background-image":"","background-repeat":"repeat","background-position":"center center","background-size":"auto","background-attachment":"scroll","background-type":"","background-media":"","overlay-type":"","overlay-color":"","overlay-opacity":"","overlay-gradient":""}},"ast-content-background-meta":{"desktop":{"background-color":"var(--ast-global-color-4)","background-image":"","background-repeat":"repeat","background-position":"center center","background-size":"auto","background-attachment":"scroll","background-type":"","background-media":"","overlay-type":"","overlay-color":"","overlay-opacity":"","overlay-gradient":""},"tablet":{"background-color":"var(--ast-global-color-4)","background-image":"","background-repeat":"repeat","background-position":"center center","background-size":"auto","background-attachment":"scroll","background-type":"","background-media":"","overlay-type":"","overlay-color":"","overlay-opacity":"","overlay-gradient":""},"mobile":{"background-color":"var(--ast-global-color-4)","background-image":"","background-repeat":"repeat","background-position":"center center","background-size":"auto","background-attachment":"scroll","background-type":"","background-media":"","overlay-type":"","overlay-color":"","overlay-opacity":"","overlay-gradient":""}},"footnotes":""},"class_list":["post-1040","page","type-page","status-publish","hentry"],"_links":{"self":[{"href":"https:\/\/lovic.cat\/index.php\/wp-json\/wp\/v2\/pages\/1040","targetHints":{"allow":["GET"]}}],"collection":[{"href":"https:\/\/lovic.cat\/index.php\/wp-json\/wp\/v2\/pages"}],"about":[{"href":"https:\/\/lovic.cat\/index.php\/wp-json\/wp\/v2\/types\/page"}],"author":[{"embeddable":true,"href":"https:\/\/lovic.cat\/index.php\/wp-json\/wp\/v2\/users\/1"}],"replies":[{"embeddable":true,"href":"https:\/\/lovic.cat\/index.php\/wp-json\/wp\/v2\/comments?post=1040"}],"version-history":[{"count":22,"href":"https:\/\/lovic.cat\/index.php\/wp-json\/wp\/v2\/pages\/1040\/revisions"}],"predecessor-version":[{"id":1446,"href":"https:\/\/lovic.cat\/index.php\/wp-json\/wp\/v2\/pages\/1040\/revisions\/1446"}],"wp:attachment":[{"href":"https:\/\/lovic.cat\/index.php\/wp-json\/wp\/v2\/media?parent=1040"}],"curies":[{"name":"wp","href":"https:\/\/api.w.org\/{rel}","templated":true}]}}