{"id":1469,"date":"2026-02-24T09:33:39","date_gmt":"2026-02-24T08:33:39","guid":{"rendered":"https:\/\/lovic.cat\/?page_id=1469"},"modified":"2026-02-24T10:48:14","modified_gmt":"2026-02-24T09:48:14","slug":"ajuntament-de-palafrugell","status":"publish","type":"page","link":"https:\/\/lovic.cat\/index.php\/ajuntament-de-palafrugell\/","title":{"rendered":"Ajuntament de Palafrugell"},"content":{"rendered":"\t\t<div data-elementor-type=\"wp-page\" data-elementor-id=\"1469\" class=\"elementor elementor-1469\">\n\t\t\t\t<div class=\"elementor-element elementor-element-4b5e720 e-flex e-con-boxed e-con e-parent\" data-id=\"4b5e720\" data-element_type=\"container\" data-e-type=\"container\">\n\t\t\t\t\t<div class=\"e-con-inner\">\n\t\t\t\t<div class=\"elementor-element elementor-element-181654a elementor-widget elementor-widget-heading\" data-id=\"181654a\" data-element_type=\"widget\" data-e-type=\"widget\" data-widget_type=\"heading.default\">\n\t\t\t\t\t<h2 class=\"elementor-heading-title elementor-size-default\">Ajuntament de Palafrugell<\/h2>\t\t\t\t<\/div>\n\t\t\t\t\t<\/div>\n\t\t\t\t<\/div>\n\t\t<div class=\"elementor-element elementor-element-2d6efcd e-flex e-con-boxed e-con e-parent\" data-id=\"2d6efcd\" data-element_type=\"container\" data-e-type=\"container\">\n\t\t\t\t\t<div class=\"e-con-inner\">\n\t\t<div class=\"elementor-element elementor-element-a3d9145 e-con-full e-flex e-con e-child\" data-id=\"a3d9145\" data-element_type=\"container\" data-e-type=\"container\">\n\t\t\t\t<div class=\"elementor-element elementor-element-8798958 elementor-invisible elementor-widget elementor-widget-image\" data-id=\"8798958\" data-element_type=\"widget\" data-e-type=\"widget\" data-settings=\"{&quot;_animation&quot;:&quot;fadeInLeft&quot;}\" data-widget_type=\"image.default\">\n\t\t\t\t\t\t\t\t\t\t\t\t\t\t\t<img fetchpriority=\"high\" decoding=\"async\" width=\"1024\" height=\"771\" src=\"https:\/\/lovic.cat\/wp-content\/uploads\/2026\/02\/reduida_173255212052773349690230125372-LOVIC-Palafrugell-1024x771.jpg\" class=\"elementor-animation-grow attachment-large size-large wp-image-1471\" alt=\"\" srcset=\"https:\/\/lovic.cat\/wp-content\/uploads\/2026\/02\/reduida_173255212052773349690230125372-LOVIC-Palafrugell-1024x771.jpg 1024w, https:\/\/lovic.cat\/wp-content\/uploads\/2026\/02\/reduida_173255212052773349690230125372-LOVIC-Palafrugell-300x226.jpg 300w, https:\/\/lovic.cat\/wp-content\/uploads\/2026\/02\/reduida_173255212052773349690230125372-LOVIC-Palafrugell-768x578.jpg 768w, https:\/\/lovic.cat\/wp-content\/uploads\/2026\/02\/reduida_173255212052773349690230125372-LOVIC-Palafrugell-1536x1157.jpg 1536w, https:\/\/lovic.cat\/wp-content\/uploads\/2026\/02\/reduida_173255212052773349690230125372-LOVIC-Palafrugell-2048x1542.jpg 2048w\" sizes=\"(max-width: 1024px) 100vw, 1024px\" \/>\t\t\t\t\t\t\t\t\t\t\t\t\t\t\t<\/div>\n\t\t\t\t<\/div>\n\t\t<div class=\"elementor-element elementor-element-0dad7ba e-con-full e-flex e-con e-child\" data-id=\"0dad7ba\" data-element_type=\"container\" data-e-type=\"container\">\n\t\t\t\t<div class=\"elementor-element elementor-element-a5edae3 elementor-invisible elementor-widget elementor-widget-text-editor\" data-id=\"a5edae3\" data-element_type=\"widget\" data-e-type=\"widget\" data-settings=\"{&quot;_animation&quot;:&quot;fadeInRight&quot;}\" data-widget_type=\"text-editor.default\">\n\t\t\t\t\t\t\t\t\t<h3>\u00a0<\/h3><h3><strong>Destaquem<\/strong><\/h3><p data-pm-slice=\"1 1 []\">Iniciem el projecte amb una an\u00e0lisi de la situaci\u00f3 actual i efectuant propostes de canvi per la implantaci\u00f3 del model de recollida porta a porta i millora de la instal\u00b7laci\u00f3 de la deixalleria.<\/p><p>Es proposa la construcci\u00f3 d\u2019una nova instal\u00b7laci\u00f3 central. S\u2019efectua una auditoria de l\u2019equipament actual del servei.\u00a0 Finalment, \u00e9s redactat el plec de condicions t\u00e8cniques del nou contracte i les modificacions posteriors en una nova licitaci\u00f3.<\/p><p>\u00a0<\/p>\t\t\t\t\t\t\t\t<\/div>\n\t\t\t\t<\/div>\n\t\t\t\t\t<\/div>\n\t\t\t\t<\/div>\n\t\t\t\t<\/div>\n\t\t","protected":false},"excerpt":{"rendered":"<p>Ajuntament de Palafrugell \u00a0 Destaquem Iniciem el projecte amb una an\u00e0lisi de la situaci\u00f3 actual i efectuant propostes de canvi [&hellip;]<\/p>\n","protected":false},"author":1,"featured_media":0,"parent":0,"menu_order":0,"comment_status":"closed","ping_status":"closed","template":"","meta":{"site-sidebar-layout":"no-sidebar","site-content-layout":"","ast-site-content-layout":"full-width-container","site-content-style":"default","site-sidebar-style":"default","ast-global-header-display":"","ast-banner-title-visibility":"","ast-main-header-display":"","ast-hfb-above-header-display":"","ast-hfb-below-header-display":"","ast-hfb-mobile-header-display":"","site-post-title":"disabled","ast-breadcrumbs-content":"","ast-featured-img":"disabled","footer-sml-layout":"","ast-disable-related-posts":"","theme-transparent-header-meta":"","adv-header-id-meta":"","stick-header-meta":"","header-above-stick-meta":"","header-main-stick-meta":"","header-below-stick-meta":"","astra-migrate-meta-layouts":"default","ast-page-background-enabled":"default","ast-page-background-meta":{"desktop":{"background-color":"var(--ast-global-color-5)","background-image":"","background-repeat":"repeat","background-position":"center center","background-size":"auto","background-attachment":"scroll","background-type":"","background-media":"","overlay-type":"","overlay-color":"","overlay-opacity":"","overlay-gradient":""},"tablet":{"background-color":"","background-image":"","background-repeat":"repeat","background-position":"center center","background-size":"auto","background-attachment":"scroll","background-type":"","background-media":"","overlay-type":"","overlay-color":"","overlay-opacity":"","overlay-gradient":""},"mobile":{"background-color":"","background-image":"","background-repeat":"repeat","background-position":"center center","background-size":"auto","background-attachment":"scroll","background-type":"","background-media":"","overlay-type":"","overlay-color":"","overlay-opacity":"","overlay-gradient":""}},"ast-content-background-meta":{"desktop":{"background-color":"var(--ast-global-color-4)","background-image":"","background-repeat":"repeat","background-position":"center center","background-size":"auto","background-attachment":"scroll","background-type":"","background-media":"","overlay-type":"","overlay-color":"","overlay-opacity":"","overlay-gradient":""},"tablet":{"background-color":"var(--ast-global-color-4)","background-image":"","background-repeat":"repeat","background-position":"center center","background-size":"auto","background-attachment":"scroll","background-type":"","background-media":"","overlay-type":"","overlay-color":"","overlay-opacity":"","overlay-gradient":""},"mobile":{"background-color":"var(--ast-global-color-4)","background-image":"","background-repeat":"repeat","background-position":"center center","background-size":"auto","background-attachment":"scroll","background-type":"","background-media":"","overlay-type":"","overlay-color":"","overlay-opacity":"","overlay-gradient":""}},"footnotes":""},"class_list":["post-1469","page","type-page","status-publish","hentry"],"_links":{"self":[{"href":"https:\/\/lovic.cat\/index.php\/wp-json\/wp\/v2\/pages\/1469","targetHints":{"allow":["GET"]}}],"collection":[{"href":"https:\/\/lovic.cat\/index.php\/wp-json\/wp\/v2\/pages"}],"about":[{"href":"https:\/\/lovic.cat\/index.php\/wp-json\/wp\/v2\/types\/page"}],"author":[{"embeddable":true,"href":"https:\/\/lovic.cat\/index.php\/wp-json\/wp\/v2\/users\/1"}],"replies":[{"embeddable":true,"href":"https:\/\/lovic.cat\/index.php\/wp-json\/wp\/v2\/comments?post=1469"}],"version-history":[{"count":13,"href":"https:\/\/lovic.cat\/index.php\/wp-json\/wp\/v2\/pages\/1469\/revisions"}],"predecessor-version":[{"id":1557,"href":"https:\/\/lovic.cat\/index.php\/wp-json\/wp\/v2\/pages\/1469\/revisions\/1557"}],"wp:attachment":[{"href":"https:\/\/lovic.cat\/index.php\/wp-json\/wp\/v2\/media?parent=1469"}],"curies":[{"name":"wp","href":"https:\/\/api.w.org\/{rel}","templated":true}]}}